
{"id":28897,"date":"2024-02-13T12:14:08","date_gmt":"2024-02-13T10:14:08","guid":{"rendered":"https:\/\/neuronup.com\/it\/?page_id=28897"},"modified":"2025-07-16T10:04:18","modified_gmt":"2025-07-16T08:04:18","slug":"morbo-di-parkinson","status":"publish","type":"page","link":"https:\/\/neuronup.com\/it\/neuroriabilitazione\/malattie-neurodegenerative\/morbo-di-parkinson\/","title":{"rendered":"Morbo di Parkinson"},"content":{"rendered":"\n<p>\u00c8 classificato come un disturbo del movimento, anche se spesso presenta anche sintomi cognitivi.<\/p>\n\n\n\n<p>\u00c8 dovuto alla morte graduale dei neuroni in una parte del cervello chiamata substantia nigra e, pi\u00f9 specificamente, in una porzione di questo nucleo chiamata parte compatta. Ci\u00f2 causa una <strong>diminuzione della sintesi di dopamina<\/strong>, che porta a una disfunzione nella regolazione delle principali strutture cerebrali coinvolte nel controllo del movimento.<\/p>\n\n\n\n<p>I suoi <strong>sintomi principali<\/strong> sono:<\/p>\n\n\n\n<ul class=\"wp-block-list\">\n<li>Goffaggine generalizzata con lentezza nell&#8217;esecuzione dei movimenti.<\/li>\n\n\n\n<li>Mancanza di motilit\u00e0 spontanea.<\/li>\n\n\n\n<li>Tremore a riposo.<\/li>\n\n\n\n<li>Rigidit\u00e0 muscolare<\/li>\n\n\n\n<li>Riflessi di equilibrio alterati (con conseguenti cadute).<\/li>\n\n\n\n<li>Produzione esagerata di saliva o ipersalivazione.<\/li>\n\n\n\n<li>Ipotonia o perdita di massa muscolare.<\/li>\n\n\n\n<li>Disturbi della motricit\u00e0 fine.<\/li>\n\n\n\n<li>Disturbi del linguaggio.<\/li>\n<\/ul>\n\n\n<div class=\"wp-block-image\">\n<figure class=\"aligncenter size-full\"><img decoding=\"async\" width=\"400\" height=\"300\" src=\"https:\/\/neuronup.com\/it\/wp-content\/uploads\/2024\/04\/Sintomas-del-Parkinson-it-400x3001-1.webp\" alt=\"Sintomi del Parkinson\" class=\"wp-image-29994\" srcset=\"https:\/\/neuronup.com\/it\/wp-content\/uploads\/2024\/04\/Sintomas-del-Parkinson-it-400x3001-1-300x225.webp 300w, https:\/\/neuronup.com\/it\/wp-content\/uploads\/2024\/04\/Sintomas-del-Parkinson-it-400x3001-1.webp 400w\" sizes=\"(max-width: 400px) 100vw, 400px\" \/><figcaption class=\"wp-element-caption\">Sintomi comuni del Parkinson<\/figcaption><\/figure>\n<\/div>\n\n\n<p>Oltre ai sintomi motori, i sintomi emotivi come <strong>ansia, depressione e apatia sono spesso associati all&#8217;insorgenza di un deterioramento cognitivo, con compromissione della memoria, dell&#8217;attenzione o della velocit\u00e0 di elaborazione, tra le altre funzioni<\/strong>. Possono comparire anche disturbi del sonno, stipsi, dermatiti, disfunzioni sessuali, ecc.<\/p>\n\n\n\n<p>Attualmente non esiste un farmaco in grado di curare il morbo di Parkinson, ma esistono diversi farmaci che migliorano i sintomi e quindi la qualit\u00e0 di vita della persona. A tal fine, questi trattamenti aumentano e\/o rimpiazzano il contenuto di dopamina nel cervello. Nei casi in cui i sintomi motori non migliorano con i farmaci, si pu\u00f2 ricorrere alla stimolazione cerebrale profonda.<\/p>\n\n\n\n<p id=\"block-8edf0946-006d-4971-9eb3-05c0d4f43903\"><small>Bibliografia: &nbsp;Conoce la enfermedad. (2020, 9 marzo). Federaci\u00f3n Espa\u00f1ola de Parkinson.<\/small><\/p>\n\n\n\n<h3 class=\"wp-block-heading\">Articoli sul Parkinson<\/h3>\n\n\n<div class=\"mai-grid entries entries-grid has-boxed has-image-full\" style=\"--entry-title-font-size:var(--font-size-lg);--align-text:start;--entry-meta-text-align:start;\"><div class=\"entries-wrap has-columns\" style=\"--columns-xs:1\/1;--columns-sm:1\/1;--columns-md:1\/3;--columns-lg:1\/3;--flex-xs:0 0 var(--flex-basis);--flex-sm:0 0 var(--flex-basis);--flex-md:0 0 var(--flex-basis);--flex-lg:0 0 var(--flex-basis);--column-gap:var(--spacing-lg);--row-gap:var(--spacing-lg);--align-columns:start;\"><article class=\"entry entry-grid is-column has-entry-link has-image has-image-first type-post category-malattia-di-parkinson tag-parkinson tag-stimolazione-cognitiva\" style=\"--entry-index:1;\" aria-label=\"Impulsivit\u00e0 e compromissione del processo decisionale nella malattia di Parkinson: una sfida clinica crescente\" itemscope itemtype=\"https:\/\/schema.org\/CreativeWork\"><a class=\"entry-image-link\" href=\"https:\/\/neuronup.com\/it\/stimolazione-e-riabilitazione-cognitiva\/malattie-neurodegenerative\/malattia-di-parkinson\/impulsivita-e-compromissione-del-processo-decisionale-nella-malattia-di-parkinson-una-sfida-clinica-crescente\/\" tabindex=\"-1\" aria-hidden=\"true\"><img decoding=\"async\" width=\"400\" height=\"300\" src=\"https:\/\/neuronup.com\/it\/wp-content\/uploads\/2025\/04\/Impulsivita-e-compromissione-del-processo-decisionale-nella-malattia-di-Parkinson-400x300.webp\" class=\"entry-image size-landscape-sm\" alt=\"Due mani di tonalit\u00e0 diverse si toccano: una tiene la maniglia di un deambulatore, l&#039;altra appoggia l&#039;avambraccio in segno di supporto.\" srcset=\"https:\/\/neuronup.com\/it\/wp-content\/uploads\/2025\/04\/Impulsivita-e-compromissione-del-processo-decisionale-nella-malattia-di-Parkinson-400x300.webp 400w, https:\/\/neuronup.com\/it\/wp-content\/uploads\/2025\/04\/Impulsivita-e-compromissione-del-processo-decisionale-nella-malattia-di-Parkinson-800x600.webp 800w\" sizes=\"(max-width:599px) 599px, (min-width:600px) and (max-width: 799px) 799px, (min-width:800px) and (max-width: 999px) 333px, (min-width:1000px) 400px\" \/><\/a><div class=\"entry-wrap entry-wrap-grid\"><h3 class=\"entry-title\" itemprop=\"headline\"><a class=\"entry-title-link\" href=\"https:\/\/neuronup.com\/it\/stimolazione-e-riabilitazione-cognitiva\/malattie-neurodegenerative\/malattia-di-parkinson\/impulsivita-e-compromissione-del-processo-decisionale-nella-malattia-di-parkinson-una-sfida-clinica-crescente\/\" rel=\"bookmark\">Impulsivit\u00e0 e compromissione del processo decisionale nella malattia di Parkinson: una sfida clinica crescente<\/a><\/h3>\n<\/div><\/article><article class=\"entry entry-grid is-column has-entry-link has-image has-image-first type-post category-notizie-su-neuronup tag-notizie-su-neuronup tag-parkinson tag-ricerca\" style=\"--entry-index:2;\" aria-label=\"Effetti del training cognitivo sull&#8217;equilibrio e sui sintomi motori nella malattia di Parkinson: uno studio esplorativo randomizzato e controllato.\" itemscope itemtype=\"https:\/\/schema.org\/CreativeWork\"><a class=\"entry-image-link\" href=\"https:\/\/neuronup.com\/it\/notizie-su-neuronup\/effetti-del-training-cognitivo-sullequilibrio-e-sui-sintomi-motori-nella-malattia-di-parkinson-uno-studio-esplorativo-randomizzato-e-controllato\/\" tabindex=\"-1\" aria-hidden=\"true\"><img decoding=\"async\" width=\"400\" height=\"300\" src=\"https:\/\/neuronup.com\/it\/wp-content\/uploads\/2025\/04\/Effetti-del-training-cognitivo-sullequilibrio-e-sui-sintomi-motori-nella-malattia-di-Parkinson-400x300.webp\" class=\"entry-image size-landscape-sm\" alt=\"Ambiente di riabilitazione clinica con attrezzature per training cognitivo ed esercizi di equilibrio, pronto per attivit\u00e0 terapeutiche.\" srcset=\"https:\/\/neuronup.com\/it\/wp-content\/uploads\/2025\/04\/Effetti-del-training-cognitivo-sullequilibrio-e-sui-sintomi-motori-nella-malattia-di-Parkinson-400x300.webp 400w, https:\/\/neuronup.com\/it\/wp-content\/uploads\/2025\/04\/Effetti-del-training-cognitivo-sullequilibrio-e-sui-sintomi-motori-nella-malattia-di-Parkinson-800x600.webp 800w\" sizes=\"(max-width:599px) 599px, (min-width:600px) and (max-width: 799px) 799px, (min-width:800px) and (max-width: 999px) 333px, (min-width:1000px) 400px\" \/><\/a><div class=\"entry-wrap entry-wrap-grid\"><h3 class=\"entry-title\" itemprop=\"headline\"><a class=\"entry-title-link\" href=\"https:\/\/neuronup.com\/it\/notizie-su-neuronup\/effetti-del-training-cognitivo-sullequilibrio-e-sui-sintomi-motori-nella-malattia-di-parkinson-uno-studio-esplorativo-randomizzato-e-controllato\/\" rel=\"bookmark\">Effetti del training cognitivo sull&#8217;equilibrio e sui sintomi motori nella malattia di Parkinson: uno studio esplorativo randomizzato e controllato.<\/a><\/h3>\n<\/div><\/article><article class=\"entry entry-grid is-column has-entry-link has-image has-image-first type-post category-metodi-e-tecniche-di-intervento-terapeutico-e-psicologico tag-adhd tag-alzheimer tag-cerebrolesione-acquisita tag-disturbi-del-neurosviluppo tag-malattie-neurodegenerative tag-parkinson tag-riabilitazione-cognitiva tag-testimonianze\" style=\"--entry-index:3;\" aria-label=\"La riabilitazione neuropsicologica nelle malattie neurologiche\" itemscope itemtype=\"https:\/\/schema.org\/CreativeWork\"><a class=\"entry-image-link\" href=\"https:\/\/neuronup.com\/it\/stimolazione-e-riabilitazione-cognitiva\/metodi-e-tecniche-di-intervento-terapeutico-e-psicologico\/la-riabilitazione-neuropsicologica-nelle-malattie-neurologiche\/\" tabindex=\"-1\" aria-hidden=\"true\"><img decoding=\"async\" width=\"400\" height=\"300\" src=\"https:\/\/neuronup.com\/it\/wp-content\/uploads\/2024\/02\/Chapas-con-letras-e16497003261961-1-400x300.webp\" class=\"entry-image size-landscape-sm\" alt=\"Due persone con mascherine davanti al computer discutono mentre sullo schermo appare un campo di gioco interattivo in ufficio neutro.\" srcset=\"https:\/\/neuronup.com\/it\/wp-content\/uploads\/2024\/02\/Chapas-con-letras-e16497003261961-1-400x300.webp 400w, https:\/\/neuronup.com\/it\/wp-content\/uploads\/2024\/02\/Chapas-con-letras-e16497003261961-1-800x600.webp 800w, https:\/\/neuronup.com\/it\/wp-content\/uploads\/2024\/02\/Chapas-con-letras-e16497003261961-1-1200x900.webp 1200w\" sizes=\"(max-width:599px) 599px, (min-width:600px) and (max-width: 799px) 799px, (min-width:800px) and (max-width: 999px) 333px, (min-width:1000px) 400px\" \/><\/a><div class=\"entry-wrap entry-wrap-grid\"><h3 class=\"entry-title\" itemprop=\"headline\"><a class=\"entry-title-link\" href=\"https:\/\/neuronup.com\/it\/stimolazione-e-riabilitazione-cognitiva\/metodi-e-tecniche-di-intervento-terapeutico-e-psicologico\/la-riabilitazione-neuropsicologica-nelle-malattie-neurologiche\/\" rel=\"bookmark\">La riabilitazione neuropsicologica nelle malattie neurologiche<\/a><\/h3>\n<\/div><\/article><article class=\"entry entry-grid is-column has-entry-link has-image has-image-first type-post category-testimonianze tag-alzheimer tag-funzioni-esecutive tag-malattie-neurodegenerative tag-parkinson tag-stimolazione-cognitiva tag-testimonianze\" style=\"--entry-index:4;\" aria-label=\"Affrontare le malattie neurodegenerative con NeuronUP\" itemscope itemtype=\"https:\/\/schema.org\/CreativeWork\"><a class=\"entry-image-link\" href=\"https:\/\/neuronup.com\/it\/stimolazione-e-riabilitazione-cognitiva\/testimonianze\/affrontare-le-malattie-neurodegenerative-con-neuronup\/\" tabindex=\"-1\" aria-hidden=\"true\"><img decoding=\"async\" width=\"400\" height=\"300\" src=\"https:\/\/neuronup.com\/it\/wp-content\/uploads\/2024\/02\/disabled-senior-patient-working-out-at-home-with-resistance-band-under-the-guidance-of-nurse-e1655118295358-11-1-400x300.webp\" class=\"entry-image size-landscape-sm\" alt=\"Uomo anziano in sedia a rotelle esegue un esercizio con banda elastica blu a casa, assistito da un&#039;infermiera.\" srcset=\"https:\/\/neuronup.com\/it\/wp-content\/uploads\/2024\/02\/disabled-senior-patient-working-out-at-home-with-resistance-band-under-the-guidance-of-nurse-e1655118295358-11-1-400x300.webp 400w, https:\/\/neuronup.com\/it\/wp-content\/uploads\/2024\/02\/disabled-senior-patient-working-out-at-home-with-resistance-band-under-the-guidance-of-nurse-e1655118295358-11-1-800x600.webp 800w\" sizes=\"(max-width:599px) 599px, (min-width:600px) and (max-width: 799px) 799px, (min-width:800px) and (max-width: 999px) 333px, (min-width:1000px) 400px\" \/><\/a><div class=\"entry-wrap entry-wrap-grid\"><h3 class=\"entry-title\" itemprop=\"headline\"><a class=\"entry-title-link\" href=\"https:\/\/neuronup.com\/it\/stimolazione-e-riabilitazione-cognitiva\/testimonianze\/affrontare-le-malattie-neurodegenerative-con-neuronup\/\" rel=\"bookmark\">Affrontare le malattie neurodegenerative con NeuronUP<\/a><\/h3>\n<\/div><\/article><\/div><\/div>","protected":false},"excerpt":{"rendered":"<p>\u00c8 classificato come un disturbo del movimento, anche se spesso presenta anche sintomi cognitivi. \u00c8 dovuto alla morte graduale dei neuroni in una parte del cervello chiamata substantia nigra e, pi\u00f9 specificamente, in una porzione di questo nucleo chiamata parte compatta. Ci\u00f2 causa una diminuzione della sintesi di dopamina, che porta a una disfunzione nella &hellip;<\/p>\n","protected":false},"author":7,"featured_media":0,"parent":1565,"menu_order":0,"comment_status":"closed","ping_status":"closed","template":"","meta":{"_acf_changed":false,"_genesis_hide_title":false,"_genesis_hide_breadcrumbs":false,"_genesis_hide_singular_image":false,"_genesis_hide_footer_widgets":false,"_genesis_custom_body_class":"","_genesis_custom_post_class":"","_genesis_layout":"","footnotes":""},"class_list":{"1":"page","2":"type-page","5":"entry"},"acf":[],"_links":{"self":[{"href":"https:\/\/neuronup.com\/it\/wp-json\/wp\/v2\/pages\/28897","targetHints":{"allow":["GET"]}}],"collection":[{"href":"https:\/\/neuronup.com\/it\/wp-json\/wp\/v2\/pages"}],"about":[{"href":"https:\/\/neuronup.com\/it\/wp-json\/wp\/v2\/types\/page"}],"author":[{"embeddable":true,"href":"https:\/\/neuronup.com\/it\/wp-json\/wp\/v2\/users\/7"}],"replies":[{"embeddable":true,"href":"https:\/\/neuronup.com\/it\/wp-json\/wp\/v2\/comments?post=28897"}],"version-history":[{"count":0,"href":"https:\/\/neuronup.com\/it\/wp-json\/wp\/v2\/pages\/28897\/revisions"}],"up":[{"embeddable":true,"href":"https:\/\/neuronup.com\/it\/wp-json\/wp\/v2\/pages\/1565"}],"wp:attachment":[{"href":"https:\/\/neuronup.com\/it\/wp-json\/wp\/v2\/media?parent=28897"}],"curies":[{"name":"wp","href":"https:\/\/api.w.org\/{rel}","templated":true}]}}

<p>È classificato come un disturbo del movimento, anche se spesso presenta anche sintomi cognitivi.</p>



<p>È dovuto alla morte graduale dei neuroni in una parte del cervello chiamata substantia nigra e, più specificamente, in una porzione di questo nucleo chiamata parte compatta. Ciò causa una <strong>diminuzione della sintesi di dopamina</strong>, che porta a una disfunzione nella regolazione delle principali strutture cerebrali coinvolte nel controllo del movimento.</p>



<p>I suoi <strong>sintomi principali</strong> sono:</p>



<ul class="wp-block-list">
<li>Goffaggine generalizzata con lentezza nell&#8217;esecuzione dei movimenti.</li>



<li>Mancanza di motilità spontanea.</li>



<li>Tremore a riposo.</li>



<li>Rigidità muscolare</li>



<li>Riflessi di equilibrio alterati (con conseguenti cadute).</li>



<li>Produzione esagerata di saliva o ipersalivazione.</li>



<li>Ipotonia o perdita di massa muscolare.</li>



<li>Disturbi della motricità fine.</li>



<li>Disturbi del linguaggio.</li>
</ul>


<div class="wp-block-image">
<figure class="aligncenter size-full"><img decoding="async" width="400" height="300" src="https://neuronup.com/it/wp-content/uploads/2024/04/Sintomas-del-Parkinson-it-400x3001-1.webp" alt="Sintomi del Parkinson" class="wp-image-29994" srcset="https://neuronup.com/it/wp-content/uploads/2024/04/Sintomas-del-Parkinson-it-400x3001-1-300x225.webp 300w, https://neuronup.com/it/wp-content/uploads/2024/04/Sintomas-del-Parkinson-it-400x3001-1.webp 400w" sizes="(max-width: 400px) 100vw, 400px" /><figcaption class="wp-element-caption">Sintomi comuni del Parkinson</figcaption></figure>
</div>


<p>Oltre ai sintomi motori, i sintomi emotivi come <strong>ansia, depressione e apatia sono spesso associati all&#8217;insorgenza di un deterioramento cognitivo, con compromissione della memoria, dell&#8217;attenzione o della velocità di elaborazione, tra le altre funzioni</strong>. Possono comparire anche disturbi del sonno, stipsi, dermatiti, disfunzioni sessuali, ecc.</p>



<p>Attualmente non esiste un farmaco in grado di curare il morbo di Parkinson, ma esistono diversi farmaci che migliorano i sintomi e quindi la qualità di vita della persona. A tal fine, questi trattamenti aumentano e/o rimpiazzano il contenuto di dopamina nel cervello. Nei casi in cui i sintomi motori non migliorano con i farmaci, si può ricorrere alla stimolazione cerebrale profonda.</p>



<p id="block-8edf0946-006d-4971-9eb3-05c0d4f43903"><small>Bibliografia: &nbsp;Conoce la enfermedad. (2020, 9 marzo). Federación Española de Parkinson.</small></p>



<h3 class="wp-block-heading">Articoli sul Parkinson</h3>


<div class="mai-grid entries entries-grid has-boxed has-image-full" style="--entry-title-font-size:var(--font-size-lg);--align-text:start;--entry-meta-text-align:start;"><div class="entries-wrap has-columns" style="--columns-xs:1/1;--columns-sm:1/1;--columns-md:1/3;--columns-lg:1/3;--flex-xs:0 0 var(--flex-basis);--flex-sm:0 0 var(--flex-basis);--flex-md:0 0 var(--flex-basis);--flex-lg:0 0 var(--flex-basis);--column-gap:var(--spacing-lg);--row-gap:var(--spacing-lg);--align-columns:start;"><article class="entry entry-grid is-column has-entry-link has-image has-image-first type-post category-malattia-di-parkinson tag-parkinson tag-stimolazione-cognitiva" style="--entry-index:1;" aria-label="Impulsività e compromissione del processo decisionale nella malattia di Parkinson: una sfida clinica crescente" itemscope itemtype="https://schema.org/CreativeWork"><a class="entry-image-link" href="https://neuronup.com/it/stimolazione-e-riabilitazione-cognitiva/malattie-neurodegenerative/malattia-di-parkinson/impulsivita-e-compromissione-del-processo-decisionale-nella-malattia-di-parkinson-una-sfida-clinica-crescente/" tabindex="-1" aria-hidden="true"><img decoding="async" width="400" height="300" src="https://neuronup.com/it/wp-content/uploads/2025/04/Impulsivita-e-compromissione-del-processo-decisionale-nella-malattia-di-Parkinson-400x300.webp" class="entry-image size-landscape-sm" alt="Due mani di tonalità diverse si toccano: una tiene la maniglia di un deambulatore, l&#039;altra appoggia l&#039;avambraccio in segno di supporto." srcset="https://neuronup.com/it/wp-content/uploads/2025/04/Impulsivita-e-compromissione-del-processo-decisionale-nella-malattia-di-Parkinson-400x300.webp 400w, https://neuronup.com/it/wp-content/uploads/2025/04/Impulsivita-e-compromissione-del-processo-decisionale-nella-malattia-di-Parkinson-800x600.webp 800w" sizes="(max-width:599px) 599px, (min-width:600px) and (max-width: 799px) 799px, (min-width:800px) and (max-width: 999px) 333px, (min-width:1000px) 400px" /></a><div class="entry-wrap entry-wrap-grid"><h3 class="entry-title" itemprop="headline"><a class="entry-title-link" href="https://neuronup.com/it/stimolazione-e-riabilitazione-cognitiva/malattie-neurodegenerative/malattia-di-parkinson/impulsivita-e-compromissione-del-processo-decisionale-nella-malattia-di-parkinson-una-sfida-clinica-crescente/" rel="bookmark">Impulsività e compromissione del processo decisionale nella malattia di Parkinson: una sfida clinica crescente</a></h3>
</div></article><article class="entry entry-grid is-column has-entry-link has-image has-image-first type-post category-notizie-su-neuronup tag-notizie-su-neuronup tag-parkinson tag-ricerca" style="--entry-index:2;" aria-label="Effetti del training cognitivo sull&#8217;equilibrio e sui sintomi motori nella malattia di Parkinson: uno studio esplorativo randomizzato e controllato." itemscope itemtype="https://schema.org/CreativeWork"><a class="entry-image-link" href="https://neuronup.com/it/notizie-su-neuronup/effetti-del-training-cognitivo-sullequilibrio-e-sui-sintomi-motori-nella-malattia-di-parkinson-uno-studio-esplorativo-randomizzato-e-controllato/" tabindex="-1" aria-hidden="true"><img decoding="async" width="400" height="300" src="https://neuronup.com/it/wp-content/uploads/2025/04/Effetti-del-training-cognitivo-sullequilibrio-e-sui-sintomi-motori-nella-malattia-di-Parkinson-400x300.webp" class="entry-image size-landscape-sm" alt="Ambiente di riabilitazione clinica con attrezzature per training cognitivo ed esercizi di equilibrio, pronto per attività terapeutiche." srcset="https://neuronup.com/it/wp-content/uploads/2025/04/Effetti-del-training-cognitivo-sullequilibrio-e-sui-sintomi-motori-nella-malattia-di-Parkinson-400x300.webp 400w, https://neuronup.com/it/wp-content/uploads/2025/04/Effetti-del-training-cognitivo-sullequilibrio-e-sui-sintomi-motori-nella-malattia-di-Parkinson-800x600.webp 800w" sizes="(max-width:599px) 599px, (min-width:600px) and (max-width: 799px) 799px, (min-width:800px) and (max-width: 999px) 333px, (min-width:1000px) 400px" /></a><div class="entry-wrap entry-wrap-grid"><h3 class="entry-title" itemprop="headline"><a class="entry-title-link" href="https://neuronup.com/it/notizie-su-neuronup/effetti-del-training-cognitivo-sullequilibrio-e-sui-sintomi-motori-nella-malattia-di-parkinson-uno-studio-esplorativo-randomizzato-e-controllato/" rel="bookmark">Effetti del training cognitivo sull&#8217;equilibrio e sui sintomi motori nella malattia di Parkinson: uno studio esplorativo randomizzato e controllato.</a></h3>
</div></article><article class="entry entry-grid is-column has-entry-link has-image has-image-first type-post category-metodi-e-tecniche-di-intervento-terapeutico-e-psicologico tag-adhd tag-alzheimer tag-cerebrolesione-acquisita tag-disturbi-del-neurosviluppo tag-malattie-neurodegenerative tag-parkinson tag-riabilitazione-cognitiva tag-testimonianze" style="--entry-index:3;" aria-label="La riabilitazione neuropsicologica nelle malattie neurologiche" itemscope itemtype="https://schema.org/CreativeWork"><a class="entry-image-link" href="https://neuronup.com/it/stimolazione-e-riabilitazione-cognitiva/metodi-e-tecniche-di-intervento-terapeutico-e-psicologico/la-riabilitazione-neuropsicologica-nelle-malattie-neurologiche/" tabindex="-1" aria-hidden="true"><img decoding="async" width="400" height="300" src="https://neuronup.com/it/wp-content/uploads/2024/02/Chapas-con-letras-e16497003261961-1-400x300.webp" class="entry-image size-landscape-sm" alt="Due persone con mascherine davanti al computer discutono mentre sullo schermo appare un campo di gioco interattivo in ufficio neutro." srcset="https://neuronup.com/it/wp-content/uploads/2024/02/Chapas-con-letras-e16497003261961-1-400x300.webp 400w, https://neuronup.com/it/wp-content/uploads/2024/02/Chapas-con-letras-e16497003261961-1-800x600.webp 800w, https://neuronup.com/it/wp-content/uploads/2024/02/Chapas-con-letras-e16497003261961-1-1200x900.webp 1200w" sizes="(max-width:599px) 599px, (min-width:600px) and (max-width: 799px) 799px, (min-width:800px) and (max-width: 999px) 333px, (min-width:1000px) 400px" /></a><div class="entry-wrap entry-wrap-grid"><h3 class="entry-title" itemprop="headline"><a class="entry-title-link" href="https://neuronup.com/it/stimolazione-e-riabilitazione-cognitiva/metodi-e-tecniche-di-intervento-terapeutico-e-psicologico/la-riabilitazione-neuropsicologica-nelle-malattie-neurologiche/" rel="bookmark">La riabilitazione neuropsicologica nelle malattie neurologiche</a></h3>
</div></article><article class="entry entry-grid is-column has-entry-link has-image has-image-first type-post category-testimonianze tag-alzheimer tag-funzioni-esecutive tag-malattie-neurodegenerative tag-parkinson tag-stimolazione-cognitiva tag-testimonianze" style="--entry-index:4;" aria-label="Affrontare le malattie neurodegenerative con NeuronUP" itemscope itemtype="https://schema.org/CreativeWork"><a class="entry-image-link" href="https://neuronup.com/it/stimolazione-e-riabilitazione-cognitiva/testimonianze/affrontare-le-malattie-neurodegenerative-con-neuronup/" tabindex="-1" aria-hidden="true"><img decoding="async" width="400" height="300" src="https://neuronup.com/it/wp-content/uploads/2024/02/disabled-senior-patient-working-out-at-home-with-resistance-band-under-the-guidance-of-nurse-e1655118295358-11-1-400x300.webp" class="entry-image size-landscape-sm" alt="Uomo anziano in sedia a rotelle esegue un esercizio con banda elastica blu a casa, assistito da un&#039;infermiera." srcset="https://neuronup.com/it/wp-content/uploads/2024/02/disabled-senior-patient-working-out-at-home-with-resistance-band-under-the-guidance-of-nurse-e1655118295358-11-1-400x300.webp 400w, https://neuronup.com/it/wp-content/uploads/2024/02/disabled-senior-patient-working-out-at-home-with-resistance-band-under-the-guidance-of-nurse-e1655118295358-11-1-800x600.webp 800w" sizes="(max-width:599px) 599px, (min-width:600px) and (max-width: 799px) 799px, (min-width:800px) and (max-width: 999px) 333px, (min-width:1000px) 400px" /></a><div class="entry-wrap entry-wrap-grid"><h3 class="entry-title" itemprop="headline"><a class="entry-title-link" href="https://neuronup.com/it/stimolazione-e-riabilitazione-cognitiva/testimonianze/affrontare-le-malattie-neurodegenerative-con-neuronup/" rel="bookmark">Affrontare le malattie neurodegenerative con NeuronUP</a></h3>
</div></article></div></div>

<p>È classificato come un disturbo del movimento, anche se spesso presenta anche sintomi cognitivi. È dovuto alla morte graduale dei neuroni in una parte del cervello chiamata substantia nigra e, più specificamente, in una porzione di questo nucleo chiamata parte compatta. Ciò causa una diminuzione della sintesi di dopamina, che porta a una disfunzione nella &hellip;</p>
