{"id":35346,"date":"2024-11-26T12:03:38","date_gmt":"2024-11-26T10:03:38","guid":{"rendered":"https:\/\/neuronup.com\/fr\/?page_id=35346"},"modified":"2025-01-07T23:04:01","modified_gmt":"2025-01-07T21:04:01","slug":"maladie-dalzheimer","status":"publish","type":"page","link":"https:\/\/neuronup.com\/fr\/la-neuro-reeducation\/les-maladies-neurodegeneratives\/maladie-dalzheimer\/","title":{"rendered":"Maladie d&#8217;alzheimer"},"content":{"rendered":"\n<p>La maladie d&rsquo;Alzheimer est le type de d\u00e9mence le plus courant. En France, plus de <strong>1 million <\/strong>de personnes souffrent de cette maladie.<strong> <\/strong>Chaque ann\u00e9e environ <strong>225 000 nouveaux cas<\/strong> sont diagnostiqu\u00e9s dans notre pays.<\/p>\n\n\n\n<p>L&rsquo;apparition de cette d\u00e9mence est lente, affectant d&rsquo;abord les parties du cerveau qui sont responsables de la <strong>m\u00e9moire<\/strong>, de la <strong>pens\u00e9e<\/strong> et du <strong>langage<\/strong>. Au fil du temps, ces sympt\u00f4mes s&rsquo;aggravent au point que les personnes atteintes de la maladie d&rsquo;Alzheimer cessent de reconna\u00eetre leurs plus proches parents et \u00e9prouvent des difficult\u00e9s \u00e0 r\u00e9aliser les activit\u00e9s de la vie quotidienne comme s&rsquo;habiller ou se toiletter. En plus des probl\u00e8mes de m\u00e9moire, d&rsquo;autres sympt\u00f4mes que pr\u00e9sentent les patients atteints de la maladie d&rsquo;Alzheimer sont : une alt\u00e9ration de la capacit\u00e9 de raisonnement, une aphasie, une apraxie, une perte de capacit\u00e9 spatiale et des changements dans le caract\u00e8re de la personne.<\/p>\n\n\n\n<p>Comme caract\u00e9ristiques pathologiques de la maladie d&rsquo;Alzheimer, une <strong>formation progressive de plaques s\u00e9niles<\/strong> et d&rsquo;<strong>enchev\u00eatrements neurofibrillaires<\/strong> a \u00e9t\u00e9 trouv\u00e9e dans le cortex c\u00e9r\u00e9bral, ainsi qu&rsquo;une <strong>perte neuronale et synaptique.<\/strong><\/p>\n\n\n\n<p><strong>Crit\u00e8res devant \u00eatre r\u00e9unis pour que la maladie d&rsquo;alzheimer soit diagnostiqu\u00e9e :<\/strong><\/p>\n\n\n\n<ul class=\"wp-block-list\">\n<li>D\u00e9mence \u00e9tablie par un diagnostic clinique et document\u00e9e par un test.<\/li>\n\n\n\n<li>D\u00e9ficit de deux ou plusieurs domaines cognitifs.<\/li>\n\n\n\n<li>Aggravation progressive de la m\u00e9moire et d&rsquo;autres domaines cognitifs.<\/li>\n\n\n\n<li>Absence d&rsquo;alt\u00e9ration de la conscience.<\/li>\n\n\n\n<li>Commence entre 40 et 90 ans.<\/li>\n\n\n\n<li>Absence d&rsquo;autre maladie c\u00e9r\u00e9brale ou syst\u00e9mique pouvant affecter la cognition.<\/li>\n<\/ul>\n\n\n\n<p><strong>Comme facteurs pronostiques de cette maladie on retrouve :<\/strong><\/p>\n\n\n\n<ul class=\"wp-block-list\">\n<li>Affection visuospatiale.<\/li>\n\n\n\n<li>Signes extrapyramidaux.<\/li>\n\n\n\n<li>Psychose, d\u00e9pression.<\/li>\n\n\n\n<li>Gravit\u00e9 initiale, handicap fonctionnel.<\/li>\n\n\n\n<li>Malnutrition, diab\u00e8te sucr\u00e9, manque d&rsquo;exercice physique et maladies cardiovasculaires.<\/li>\n\n\n\n<li>Enfin, au niveau de son traitement, il n&rsquo;existe actuellement aucun m\u00e9dicament qui puisse inverser les sympt\u00f4mes de cette maladie. Cependant, nous avons des m\u00e9dicaments qui retardent sa progression, surtout dans les phases initiales et mod\u00e9r\u00e9es, qui sont des inhibiteurs de l&rsquo;ac\u00e9tylcholinest\u00e9rase.<\/li>\n<\/ul>\n\n\n\n<p class=\"has-sm-font-size\">R\u00e9f\u00e9rences : McKhann, G., Drachman, D., Folstein, M., Katzman, R., Price, D. et Stadlan E. M. (1984). Diagnostic clinique de la maladie d&rsquo;Alzheimer : rapport du groupe de travail NINCDS-ADRDA sous les auspices du groupe de travail sur la maladie d&rsquo;Alzheimer du minist\u00e8re de la Sant\u00e9 et des Services sociaux. Neurologie, 34 (7), 939-44. doi : 10.1212 \/ WNL.34.7.939 Voir plus sur : http:\/\/www.neurology.org\/content\/34\/7\/939.full.pdf+html<\/p>\n\n\n\n<h3 class=\"wp-block-heading\">Quelques articles qui pourraient vous int\u00e9resser :<\/h3>\n\n\n<div class=\"mai-grid entries entries-grid has-boxed has-image-full\" style=\"--entry-title-font-size:var(--font-size-lg);--align-text:start;--entry-meta-text-align:start;\"><div class=\"entries-wrap has-columns\" style=\"--columns-xs:1\/1;--columns-sm:1\/1;--columns-md:1\/3;--columns-lg:1\/3;--flex-xs:0 0 var(--flex-basis);--flex-sm:0 0 var(--flex-basis);--flex-md:0 0 var(--flex-basis);--flex-lg:0 0 var(--flex-basis);--column-gap:var(--spacing-lg);--row-gap:var(--spacing-lg);--align-columns:start;\"><article class=\"entry entry-grid is-column has-entry-link has-image has-image-first type-post category-alzheimer tag-maladie-dalzheimer tag-personnes-agees\" style=\"--entry-index:1;\" aria-label=\"Pourquoi consacrer autant de ressources aux personnes atteintes d\u2019Alzheimer ?\" itemscope itemtype=\"https:\/\/schema.org\/CreativeWork\"><a class=\"entry-image-link\" href=\"https:\/\/neuronup.com\/fr\/actualites-de-la-stimulation-cognitive\/maladies-neurodegeneratives\/alzheimer\/pourquoi-consacrer-autant-de-ressources-aux-personnes-atteintes-dalzheimer\/\" tabindex=\"-1\" aria-hidden=\"true\"><img decoding=\"async\" width=\"400\" height=\"267\" src=\"https:\/\/neuronup.com\/fr\/wp-content\/uploads\/2021\/10\/assistance-and-disease-alzheimer-problems-for-seni-2021-08-29-13-08-02-utc-1.webp\" class=\"entry-image size-landscape-sm\" alt=\"Homme \u00e2g\u00e9 aux cheveux blancs et barbe, pull gris et jean, debout dans une for\u00eat, tenant la main d&#039;une personne hors champ.\" srcset=\"https:\/\/neuronup.com\/fr\/wp-content\/uploads\/2021\/10\/assistance-and-disease-alzheimer-problems-for-seni-2021-08-29-13-08-02-utc-1-300x200.webp 300w, https:\/\/neuronup.com\/fr\/wp-content\/uploads\/2021\/10\/assistance-and-disease-alzheimer-problems-for-seni-2021-08-29-13-08-02-utc-1-768x512.webp 768w, https:\/\/neuronup.com\/fr\/wp-content\/uploads\/2021\/10\/assistance-and-disease-alzheimer-problems-for-seni-2021-08-29-13-08-02-utc-1-1024x683.webp 1024w, https:\/\/neuronup.com\/fr\/wp-content\/uploads\/2021\/10\/assistance-and-disease-alzheimer-problems-for-seni-2021-08-29-13-08-02-utc-1.webp 1200w\" sizes=\"(max-width:599px) 599px, (min-width:600px) and (max-width: 799px) 799px, (min-width:800px) and (max-width: 999px) 333px, (min-width:1000px) 400px\" \/><\/a><div class=\"entry-wrap entry-wrap-grid\"><h3 class=\"entry-title\" itemprop=\"headline\"><a class=\"entry-title-link\" href=\"https:\/\/neuronup.com\/fr\/actualites-de-la-stimulation-cognitive\/maladies-neurodegeneratives\/alzheimer\/pourquoi-consacrer-autant-de-ressources-aux-personnes-atteintes-dalzheimer\/\" rel=\"bookmark\">Pourquoi consacrer autant de ressources aux personnes atteintes d\u2019Alzheimer ?<\/a><\/h3>\n<\/div><\/article><article class=\"entry entry-grid is-column has-entry-link has-image has-image-first type-post category-alzheimer tag-maladie-dalzheimer tag-maladies-neurodegeneratives\" style=\"--entry-index:2;\" aria-label=\"La Journ\u00e9e mondiale de la maladie d&#8217;Alzheimer met en lumi\u00e8re le r\u00f4le de l&#8217;aidant\" itemscope itemtype=\"https:\/\/schema.org\/CreativeWork\"><a class=\"entry-image-link\" href=\"https:\/\/neuronup.com\/fr\/actualites-de-la-stimulation-cognitive\/maladies-neurodegeneratives\/alzheimer\/la-journee-mondiale-de-la-maladie-dalzheimer-met-en-lumiere-le-travail-de-laidant\/\" tabindex=\"-1\" aria-hidden=\"true\"><img decoding=\"async\" width=\"400\" height=\"300\" src=\"https:\/\/neuronup.com\/fr\/wp-content\/uploads\/2021\/11\/woman-on-a-wheelchair-2021-08-27-11-05-04-utc.webp\" class=\"entry-image size-landscape-sm\" alt=\"Femme \u00e2g\u00e9e assise dans un fauteuil roulant, sourire chaleureux, pull gris et haut rose, d\u00e9cor clair et accueillant.\" srcset=\"https:\/\/neuronup.com\/fr\/wp-content\/uploads\/2021\/11\/woman-on-a-wheelchair-2021-08-27-11-05-04-utc-300x225.webp 300w, https:\/\/neuronup.com\/fr\/wp-content\/uploads\/2021\/11\/woman-on-a-wheelchair-2021-08-27-11-05-04-utc-768x576.webp 768w, https:\/\/neuronup.com\/fr\/wp-content\/uploads\/2021\/11\/woman-on-a-wheelchair-2021-08-27-11-05-04-utc-1024x768.webp 1024w, https:\/\/neuronup.com\/fr\/wp-content\/uploads\/2021\/11\/woman-on-a-wheelchair-2021-08-27-11-05-04-utc.webp 1200w\" sizes=\"(max-width:599px) 599px, (min-width:600px) and (max-width: 799px) 799px, (min-width:800px) and (max-width: 999px) 333px, (min-width:1000px) 400px\" \/><\/a><div class=\"entry-wrap entry-wrap-grid\"><h3 class=\"entry-title\" itemprop=\"headline\"><a class=\"entry-title-link\" href=\"https:\/\/neuronup.com\/fr\/actualites-de-la-stimulation-cognitive\/maladies-neurodegeneratives\/alzheimer\/la-journee-mondiale-de-la-maladie-dalzheimer-met-en-lumiere-le-travail-de-laidant\/\" rel=\"bookmark\">La Journ\u00e9e mondiale de la maladie d&#8217;Alzheimer met en lumi\u00e8re le r\u00f4le de l&#8217;aidant<\/a><\/h3>\n<\/div><\/article><article class=\"entry entry-grid is-column has-entry-link has-image has-image-first type-post category-alzheimer tag-maladie-dalzheimer tag-maladies-neurodegeneratives tag-personnes-agees\" style=\"--entry-index:3;\" aria-label=\"CEAFA revendique la valeur de l\u2019aidant des personnes atteintes de la maladie d\u2019Alzheimer\" itemscope itemtype=\"https:\/\/schema.org\/CreativeWork\"><a class=\"entry-image-link\" href=\"https:\/\/neuronup.com\/fr\/actualites-de-la-stimulation-cognitive\/maladies-neurodegeneratives\/alzheimer\/aidant-des-personnes-atteintes-dalzheimer\/\" tabindex=\"-1\" aria-hidden=\"true\"><img decoding=\"async\" width=\"211\" height=\"300\" src=\"https:\/\/neuronup.com\/fr\/wp-content\/uploads\/2021\/10\/cuidador-de-las-personas-con-Alzheimer-1.webp\" class=\"entry-image size-landscape-sm\" alt=\"Affichage promotionnel Journ\u00e9e mondiale de l\u2019Alzheimer : logo c\u0153ur avec C, texte DE CUIDADOR et CON &#039;C&#039; DE CEAPA, fond clair.\" srcset=\"https:\/\/neuronup.com\/fr\/wp-content\/uploads\/2021\/10\/cuidador-de-las-personas-con-Alzheimer-1-211x300.webp 211w, https:\/\/neuronup.com\/fr\/wp-content\/uploads\/2021\/10\/cuidador-de-las-personas-con-Alzheimer-1-720x1024.webp 720w, https:\/\/neuronup.com\/fr\/wp-content\/uploads\/2021\/10\/cuidador-de-las-personas-con-Alzheimer-1.webp 768w\" sizes=\"(max-width:599px) 599px, (min-width:600px) and (max-width: 799px) 799px, (min-width:800px) and (max-width: 999px) 333px, (min-width:1000px) 400px\" \/><\/a><div class=\"entry-wrap entry-wrap-grid\"><h3 class=\"entry-title\" itemprop=\"headline\"><a class=\"entry-title-link\" href=\"https:\/\/neuronup.com\/fr\/actualites-de-la-stimulation-cognitive\/maladies-neurodegeneratives\/alzheimer\/aidant-des-personnes-atteintes-dalzheimer\/\" rel=\"bookmark\">CEAFA revendique la valeur de l\u2019aidant des personnes atteintes de la maladie d\u2019Alzheimer<\/a><\/h3>\n<\/div><\/article><\/div><\/div>\n\n","protected":false},"excerpt":{"rendered":"<p>La maladie d&rsquo;Alzheimer est le type de d\u00e9mence le plus courant. En France, plus de 1 million de personnes souffrent de cette maladie. Chaque ann\u00e9e environ 225 000 nouveaux cas sont diagnostiqu\u00e9s dans notre pays. L&rsquo;apparition de cette d\u00e9mence est lente, affectant d&rsquo;abord les parties du cerveau qui sont responsables de la m\u00e9moire, de la &hellip;<\/p>\n","protected":false},"author":1,"featured_media":35348,"parent":32443,"menu_order":0,"comment_status":"closed","ping_status":"closed","template":"","meta":{"_acf_changed":false,"_genesis_hide_title":false,"_genesis_hide_breadcrumbs":false,"_genesis_hide_singular_image":false,"_genesis_hide_footer_widgets":false,"_genesis_custom_body_class":"nup-style neurorehab","_genesis_custom_post_class":"","_genesis_layout":"","footnotes":""},"class_list":{"1":"page","2":"type-page","6":"entry"},"acf":[],"_links":{"self":[{"href":"https:\/\/neuronup.com\/fr\/wp-json\/wp\/v2\/pages\/35346","targetHints":{"allow":["GET"]}}],"collection":[{"href":"https:\/\/neuronup.com\/fr\/wp-json\/wp\/v2\/pages"}],"about":[{"href":"https:\/\/neuronup.com\/fr\/wp-json\/wp\/v2\/types\/page"}],"author":[{"embeddable":true,"href":"https:\/\/neuronup.com\/fr\/wp-json\/wp\/v2\/users\/1"}],"replies":[{"embeddable":true,"href":"https:\/\/neuronup.com\/fr\/wp-json\/wp\/v2\/comments?post=35346"}],"version-history":[{"count":0,"href":"https:\/\/neuronup.com\/fr\/wp-json\/wp\/v2\/pages\/35346\/revisions"}],"up":[{"embeddable":true,"href":"https:\/\/neuronup.com\/fr\/wp-json\/wp\/v2\/pages\/32443"}],"wp:featuredmedia":[{"embeddable":true,"href":"https:\/\/neuronup.com\/fr\/wp-json\/wp\/v2\/media\/35348"}],"wp:attachment":[{"href":"https:\/\/neuronup.com\/fr\/wp-json\/wp\/v2\/media?parent=35346"}],"curies":[{"name":"wp","href":"https:\/\/api.w.org\/{rel}","templated":true}]}}

<p>La maladie d&rsquo;Alzheimer est le type de démence le plus courant. En France, plus de <strong>1 million </strong>de personnes souffrent de cette maladie.<strong> </strong>Chaque année environ <strong>225 000 nouveaux cas</strong> sont diagnostiqués dans notre pays.</p>



<p>L&rsquo;apparition de cette démence est lente, affectant d&rsquo;abord les parties du cerveau qui sont responsables de la <strong>mémoire</strong>, de la <strong>pensée</strong> et du <strong>langage</strong>. Au fil du temps, ces symptômes s&rsquo;aggravent au point que les personnes atteintes de la maladie d&rsquo;Alzheimer cessent de reconnaître leurs plus proches parents et éprouvent des difficultés à réaliser les activités de la vie quotidienne comme s&rsquo;habiller ou se toiletter. En plus des problèmes de mémoire, d&rsquo;autres symptômes que présentent les patients atteints de la maladie d&rsquo;Alzheimer sont : une altération de la capacité de raisonnement, une aphasie, une apraxie, une perte de capacité spatiale et des changements dans le caractère de la personne.</p>



<p>Comme caractéristiques pathologiques de la maladie d&rsquo;Alzheimer, une <strong>formation progressive de plaques séniles</strong> et d&rsquo;<strong>enchevêtrements neurofibrillaires</strong> a été trouvée dans le cortex cérébral, ainsi qu&rsquo;une <strong>perte neuronale et synaptique.</strong></p>



<p><strong>Critères devant être réunis pour que la maladie d&rsquo;alzheimer soit diagnostiquée :</strong></p>



<ul class="wp-block-list">
<li>Démence établie par un diagnostic clinique et documentée par un test.</li>



<li>Déficit de deux ou plusieurs domaines cognitifs.</li>



<li>Aggravation progressive de la mémoire et d&rsquo;autres domaines cognitifs.</li>



<li>Absence d&rsquo;altération de la conscience.</li>



<li>Commence entre 40 et 90 ans.</li>



<li>Absence d&rsquo;autre maladie cérébrale ou systémique pouvant affecter la cognition.</li>
</ul>



<p><strong>Comme facteurs pronostiques de cette maladie on retrouve :</strong></p>



<ul class="wp-block-list">
<li>Affection visuospatiale.</li>



<li>Signes extrapyramidaux.</li>



<li>Psychose, dépression.</li>



<li>Gravité initiale, handicap fonctionnel.</li>



<li>Malnutrition, diabète sucré, manque d&rsquo;exercice physique et maladies cardiovasculaires.</li>



<li>Enfin, au niveau de son traitement, il n&rsquo;existe actuellement aucun médicament qui puisse inverser les symptômes de cette maladie. Cependant, nous avons des médicaments qui retardent sa progression, surtout dans les phases initiales et modérées, qui sont des inhibiteurs de l&rsquo;acétylcholinestérase.</li>
</ul>



<p class="has-sm-font-size">Références : McKhann, G., Drachman, D., Folstein, M., Katzman, R., Price, D. et Stadlan E. M. (1984). Diagnostic clinique de la maladie d&rsquo;Alzheimer : rapport du groupe de travail NINCDS-ADRDA sous les auspices du groupe de travail sur la maladie d&rsquo;Alzheimer du ministère de la Santé et des Services sociaux. Neurologie, 34 (7), 939-44. doi : 10.1212 / WNL.34.7.939 Voir plus sur : http://www.neurology.org/content/34/7/939.full.pdf+html</p>



<h3 class="wp-block-heading">Quelques articles qui pourraient vous intéresser :</h3>


<div class="mai-grid entries entries-grid has-boxed has-image-full" style="--entry-title-font-size:var(--font-size-lg);--align-text:start;--entry-meta-text-align:start;"><div class="entries-wrap has-columns" style="--columns-xs:1/1;--columns-sm:1/1;--columns-md:1/3;--columns-lg:1/3;--flex-xs:0 0 var(--flex-basis);--flex-sm:0 0 var(--flex-basis);--flex-md:0 0 var(--flex-basis);--flex-lg:0 0 var(--flex-basis);--column-gap:var(--spacing-lg);--row-gap:var(--spacing-lg);--align-columns:start;"><article class="entry entry-grid is-column has-entry-link has-image has-image-first type-post category-alzheimer tag-maladie-dalzheimer tag-personnes-agees" style="--entry-index:1;" aria-label="Pourquoi consacrer autant de ressources aux personnes atteintes d’Alzheimer ?" itemscope itemtype="https://schema.org/CreativeWork"><a class="entry-image-link" href="https://neuronup.com/fr/actualites-de-la-stimulation-cognitive/maladies-neurodegeneratives/alzheimer/pourquoi-consacrer-autant-de-ressources-aux-personnes-atteintes-dalzheimer/" tabindex="-1" aria-hidden="true"><img decoding="async" width="400" height="267" src="https://neuronup.com/fr/wp-content/uploads/2021/10/assistance-and-disease-alzheimer-problems-for-seni-2021-08-29-13-08-02-utc-1.webp" class="entry-image size-landscape-sm" alt="Homme âgé aux cheveux blancs et barbe, pull gris et jean, debout dans une forêt, tenant la main d&#039;une personne hors champ." srcset="https://neuronup.com/fr/wp-content/uploads/2021/10/assistance-and-disease-alzheimer-problems-for-seni-2021-08-29-13-08-02-utc-1-300x200.webp 300w, https://neuronup.com/fr/wp-content/uploads/2021/10/assistance-and-disease-alzheimer-problems-for-seni-2021-08-29-13-08-02-utc-1-768x512.webp 768w, https://neuronup.com/fr/wp-content/uploads/2021/10/assistance-and-disease-alzheimer-problems-for-seni-2021-08-29-13-08-02-utc-1-1024x683.webp 1024w, https://neuronup.com/fr/wp-content/uploads/2021/10/assistance-and-disease-alzheimer-problems-for-seni-2021-08-29-13-08-02-utc-1.webp 1200w" sizes="(max-width:599px) 599px, (min-width:600px) and (max-width: 799px) 799px, (min-width:800px) and (max-width: 999px) 333px, (min-width:1000px) 400px" /></a><div class="entry-wrap entry-wrap-grid"><h3 class="entry-title" itemprop="headline"><a class="entry-title-link" href="https://neuronup.com/fr/actualites-de-la-stimulation-cognitive/maladies-neurodegeneratives/alzheimer/pourquoi-consacrer-autant-de-ressources-aux-personnes-atteintes-dalzheimer/" rel="bookmark">Pourquoi consacrer autant de ressources aux personnes atteintes d’Alzheimer ?</a></h3>
</div></article><article class="entry entry-grid is-column has-entry-link has-image has-image-first type-post category-alzheimer tag-maladie-dalzheimer tag-maladies-neurodegeneratives" style="--entry-index:2;" aria-label="La Journée mondiale de la maladie d&#8217;Alzheimer met en lumière le rôle de l&#8217;aidant" itemscope itemtype="https://schema.org/CreativeWork"><a class="entry-image-link" href="https://neuronup.com/fr/actualites-de-la-stimulation-cognitive/maladies-neurodegeneratives/alzheimer/la-journee-mondiale-de-la-maladie-dalzheimer-met-en-lumiere-le-travail-de-laidant/" tabindex="-1" aria-hidden="true"><img decoding="async" width="400" height="300" src="https://neuronup.com/fr/wp-content/uploads/2021/11/woman-on-a-wheelchair-2021-08-27-11-05-04-utc.webp" class="entry-image size-landscape-sm" alt="Femme âgée assise dans un fauteuil roulant, sourire chaleureux, pull gris et haut rose, décor clair et accueillant." srcset="https://neuronup.com/fr/wp-content/uploads/2021/11/woman-on-a-wheelchair-2021-08-27-11-05-04-utc-300x225.webp 300w, https://neuronup.com/fr/wp-content/uploads/2021/11/woman-on-a-wheelchair-2021-08-27-11-05-04-utc-768x576.webp 768w, https://neuronup.com/fr/wp-content/uploads/2021/11/woman-on-a-wheelchair-2021-08-27-11-05-04-utc-1024x768.webp 1024w, https://neuronup.com/fr/wp-content/uploads/2021/11/woman-on-a-wheelchair-2021-08-27-11-05-04-utc.webp 1200w" sizes="(max-width:599px) 599px, (min-width:600px) and (max-width: 799px) 799px, (min-width:800px) and (max-width: 999px) 333px, (min-width:1000px) 400px" /></a><div class="entry-wrap entry-wrap-grid"><h3 class="entry-title" itemprop="headline"><a class="entry-title-link" href="https://neuronup.com/fr/actualites-de-la-stimulation-cognitive/maladies-neurodegeneratives/alzheimer/la-journee-mondiale-de-la-maladie-dalzheimer-met-en-lumiere-le-travail-de-laidant/" rel="bookmark">La Journée mondiale de la maladie d&#8217;Alzheimer met en lumière le rôle de l&#8217;aidant</a></h3>
</div></article><article class="entry entry-grid is-column has-entry-link has-image has-image-first type-post category-alzheimer tag-maladie-dalzheimer tag-maladies-neurodegeneratives tag-personnes-agees" style="--entry-index:3;" aria-label="CEAFA revendique la valeur de l’aidant des personnes atteintes de la maladie d’Alzheimer" itemscope itemtype="https://schema.org/CreativeWork"><a class="entry-image-link" href="https://neuronup.com/fr/actualites-de-la-stimulation-cognitive/maladies-neurodegeneratives/alzheimer/aidant-des-personnes-atteintes-dalzheimer/" tabindex="-1" aria-hidden="true"><img decoding="async" width="211" height="300" src="https://neuronup.com/fr/wp-content/uploads/2021/10/cuidador-de-las-personas-con-Alzheimer-1.webp" class="entry-image size-landscape-sm" alt="Affichage promotionnel Journée mondiale de l’Alzheimer : logo cœur avec C, texte DE CUIDADOR et CON &#039;C&#039; DE CEAPA, fond clair." srcset="https://neuronup.com/fr/wp-content/uploads/2021/10/cuidador-de-las-personas-con-Alzheimer-1-211x300.webp 211w, https://neuronup.com/fr/wp-content/uploads/2021/10/cuidador-de-las-personas-con-Alzheimer-1-720x1024.webp 720w, https://neuronup.com/fr/wp-content/uploads/2021/10/cuidador-de-las-personas-con-Alzheimer-1.webp 768w" sizes="(max-width:599px) 599px, (min-width:600px) and (max-width: 799px) 799px, (min-width:800px) and (max-width: 999px) 333px, (min-width:1000px) 400px" /></a><div class="entry-wrap entry-wrap-grid"><h3 class="entry-title" itemprop="headline"><a class="entry-title-link" href="https://neuronup.com/fr/actualites-de-la-stimulation-cognitive/maladies-neurodegeneratives/alzheimer/aidant-des-personnes-atteintes-dalzheimer/" rel="bookmark">CEAFA revendique la valeur de l’aidant des personnes atteintes de la maladie d’Alzheimer</a></h3>
</div></article></div></div>

<p>La maladie d&rsquo;Alzheimer est le type de démence le plus courant. En France, plus de 1 million de personnes souffrent de cette maladie. Chaque année environ 225 000 nouveaux cas sont diagnostiqués dans notre pays. L&rsquo;apparition de cette démence est lente, affectant d&rsquo;abord les parties du cerveau qui sont responsables de la mémoire, de la &hellip;</p>
